et k be g(-6). Let p = 21 + k. Suppose 90 - 174 = -6*c. What is the greatest common divisor of c and p?
7
Let q(o) = -o**2 - 5*o + 5. Let w be q(-5). Suppose 2*j + i = -4*i + 217, w*i = 25. What is the highest common factor of 12 and j?
12
Let h be (19008/648)/(16/6). Calculate the highest common divisor of 31009 and h.
11
Suppose 2*y - 174 + 1016 = 2*u, 0 = -3*u + y + 1249. What is the greatest common factor of 333 and u?
9
Let w = 259 + -256. Suppose 7*v - 3*v - i - 14 = 0, 5*v - 11 = -2*i. Suppose -v*b - w*b = -198. Calculate the greatest common factor of 3 and b.
3
Let c = 24379 - 24067. What is the highest common divisor of 351 and c?
39
Suppose -i = -0 + 15. Let u(v) = -2*v**2 - 31*v - 17. Let w be u(i). Let p be 2 - (w/(-7) + 2256/(-56)). What is the highest common divisor of p and 28?
14
Suppose 15*b + 80 = 5*b. Let g be -127 + -1*(1 + -1). Let a = b - g. Calculate the highest common divisor of 17 and a.
17
Suppose -161*u + 158*u + 5*p = -27984, 5*u = -p + 46556. Calculate the greatest common divisor of 278 and u.
139
Let x be (-5)/(-10)*(2 + -2). Let d(m) = -m**3 + 80. Let q be d(x). Suppose 0 = 239*l - 237*l - 20. What is the highest common factor of l and q?
10
Suppose 5*n = -y + 49, -5*y = n - 102 - 119. Let z = 423 - 104. What is the highest common divisor of y and z?
11
Suppose -221*q + 442 = -0*q. Suppose -24 = -h + 6. Calculate the highest common factor of h and q.
2
Let f(t) = -2*t - 12. Let x be f(-7). Let v(u) = -2*u + 2*u + 2*u + 7 - 3*u + 2*u**x. Let m be v(3). What is the greatest common factor of 154 and m?
22
Let z = -250 - -540. Let d be (2/(-42)*(-4524)/26)/(3/21). Calculate the highest common divisor of d and z.
58
Let w(h) = 4*h**2 - 19*h + 3059. Let r be w(0). What is the greatest common divisor of r and 483?
161
Suppose 841*i - 440 = 830*i. Let c = -10 - -7. Let t be (1 + 2)/(c/(-5)). Calculate the greatest common divisor of i and t.
5
Let w = -856 - -886. What is the greatest common factor of 2810 and w?
10
Let g(n) = -8*n + 560. Let w(p) = 4*p - 280. Let y(x) = -3*g(x) - 7*w(x). Let f be y(-28). What is the highest common factor of 147 and f?
49
Suppose -6*s + 7*s = -5*x + 4049, -2*x + s + 1621 = 0. Calculate the greatest common divisor of x and 30.
30
Suppose -6*l - 4*w = -2*l, 2*l = -5*w - 6. Suppose z = -l*z - 9, 4*z = 4*d - 876. Calculate the highest common divisor of d and 27.
27
Let a(o) = o**3 + 22*o**2 + 24*o + 112. Let f(b) = -b**2 + 4*b + 11. Let q be f(8). Let c be a(q). What is the highest common factor of 7 and c?
7
Suppose -14*g - 17*g + 1054 = 0. Calculate the highest common factor of 6 and g.
2
Let c be -12 + 13 - (1 + -8895) - -1. Let s be (-12)/(-21) + c/112. Calculate the greatest common divisor of 176 and s.
16
Let b = -73 + 168. Let d = -103 + b. Let s be (2/d*-6)/(6/28). What is the highest common divisor of 14 and s?
7
Suppose 0 = 2*a + 3*r - 4, 3*a - 4*r = -a - 12. Let u be 414/18 + (a - -2). Calculate the highest common factor of u and 3.
3
Let j(u) = 12 - 330*u - u**2 + 162*u + 201*u. Let s be j(31). What is the greatest common divisor of 185 and s?
37
Suppose 7*v - 3*v - 112 = 0. Suppose 0 = m - 4*f - 11, 0 = -f - 20 + 19. Let t be ((-42)/m)/(9/(-210)). Calculate the greatest common factor of t and v.
28
Let q(i) = -37*i + 292. Let v be q(-28). Calculate the greatest common factor of v and 32.
16
Suppose -2*p + 84 = -0*p + 4*y, -151 = -3*p - y. Let g(r) = -401*r + 41394. Let q be g(103). Calculate the highest common factor of p and q.
13
Suppose 0 = 2*y + 2*l, -4*y = -2*l - l - 35. Suppose 2*b - 3*c - 321 = 0, y*b + 3*c - 822 = 4*c. Calculate the highest common factor of b and 99.
33
Let j(n) = 6*n**3 + 3*n**2 - n + 3. Let x be j(3). Suppose -b - 441 = -2*v - 323, -b - 280 = -5*v. What is the highest common factor of v and x?
27
Suppose -80 = -12*i - 4*i. Let b be (0 - -2)/(4/(-10)). Let j be b + 2 + (-5)/(i/(-83)). Calculate the greatest common divisor of 20 and j.
20
Let l be -5*(-22)/3*3. Let o(f) = -f**3 + 5*f**2 + 20. Let x(j) = j. Let v(g) = -o(g) + 6*x(g). Let p be v(5). What is the greatest common divisor of p and l?
10
Let y(p) be the second derivative of 239*p**4/12 - 2*p**3/3 - 5*p**2/2 + 91*p. Let m be y(-1). What is the greatest common divisor of 28 and m?
14
Let v(k) = -k**3 + 14*k**2 - 19*k - 84. Let c be v(10). Calculate the greatest common divisor of 1098 and c.
18
Let g be ((-791)/4 - -3)/((-25)/100). What is the greatest common divisor of g and 205?
41
Suppose 12*q + 1438 = 526. Let x be 2/3 + (q/(-3) - -3). Suppose 2*f = 71 + x. Calculate the greatest common divisor of f and 10.
10
Let d(x) = 2*x**2 + 5*x - 53. Let u be d(4). Let p be u/((-2022)/(-405) + -5). Calculate the highest common factor of p and 180.
45
Let q be (-987)/((-5)/((-20)/6))*323/(-34). Calculate the highest common divisor of q and 133.
133
Let q be 111/(1/(5 - 4)). Suppose 2*y + 5*k - 2201 = 0, y + 4*k = q + 991. Calculate the greatest common factor of 18 and y.
18
Let r = -108 - -112. Suppose -4*j = -x + 4*x - 264, r*j = 0. What is the highest common factor of x and 22?
22
Let u(t) = -t**3 - 4*t - 2. Let j be u(-4). Suppose -29476*w + 29513*w = 444. Calculate the highest common divisor of j and w.
6
Let u(h) = 2*h**2 - 8*h + 48. Let o be u(8). Let r be -18 + 10 + 1*3. Let b be (8/5)/(r/(-50)). Calculate the highest common factor of o and b.
16
Let r be (6998/26 - 18/117) + -3. Calculate the highest common divisor of r and 304.
38
Let s(m) = -568*m - 3366. Let i be s(-6). Suppose -v = -10 - 5. Suppose -155 = -5*n - v. Calculate the highest common factor of i and n.
14
Suppose p = -1, 4*p = 4*d - 46 - 118. What is the greatest common factor of d and 730?
10
Let y(l) = -l - 12. Let d be y(18). Let x = d + 34. Let i be 2/(0 - x/(-90)). Calculate the highest common factor of 9 and i.
9
Suppose -4152 = -23*l - 909. Calculate the highest common divisor of l and 4559.
47
Suppose 0 = 5*o + x - 7876 + 2952, 4*o = -x + 3941. What is the greatest common divisor of 1 and o?
1
Suppose -355 = -18*j - 49. Suppose 3*q = -r + 445, -j*r + q - 1343 = -20*r. What is the highest common factor of r and 56?
56
Suppose -8*m - 4*m = -2408 - 2872. Calculate the greatest common factor of m and 400.
40
Let f(g) = -2*g**3 + 35*g**2 + 75*g - 866. Let o be f(18). Suppose 3*p = -12, 5*t - 2*p - 454 = 254. What is the greatest common divisor of o and t?
20
Let k be 3/(-30)*(-7 - -9) - 241/(-5). Let y = 23 + -20. What is the highest common factor of k and y?
3
Let g be (-4)/28 + 128/112. Suppose 7*z - 12 = 4*z. What is the highest common factor of g and z?
1
Let m(r) be the second derivative of -r**3/3 - 34*r**2 + 2*r + 30. Let x be m(-57). Let o be -3*(1 + 466/(-6)). What is the greatest common factor of o and x?
46
Suppose -r + 2*r + 4*b = 376, r = -b + 364. Suppose -137*w - r = -143*w. Let j be (-712)/(-36) - 6/(-27). Calculate the greatest common factor of j and w.
20
Let s(v) = 18*v**2 - 647*v + 20. Let b be s(36). Calculate the highest common factor of 4172 and b.
28
Suppose -190*y + 396 = -186*y. Let n = 64 - y. Let v be ((-95)/(-35) - 1)/((-2)/n). Calculate the greatest common factor of 270 and v.
30
Suppose -805 = -7*l + 203. Suppose 0 = -8*z + 80 + l. What is the greatest common factor of z and 658?
14
Let v(i) = -50*i**2 - 618*i + 2. Let j be v(-8). Calculate the highest common divisor of 144 and j.
18
Let f be (6/10)/(-3*5/(-5025)). Suppose 5*h = -d + 15 + 67, 2*d + 4*h = 146. What is the highest common divisor of f and d?
67
Let g(o) = -2*o**3 + 21*o**2 - 8*o + 9. Let a be g(10). Suppose a*v - 17 = 99. What is the greatest common factor of v and 116?
4
Let b = -49 + 54. Let g be 285/90 - (5/6)/b. Calculate the greatest common divisor of 54 and g.
3
Suppose 0 = -2*r - r, -2*v + r + 301 = 81. Calculate the highest common divisor of 80 and v.
10
Suppose 3*k - 692 = -200. Suppose 5*t + 489 = -5*i + k, -5*t - 313 = -i. Let u = t + 72. Calculate the highest common divisor of u and 36.
9
Suppose 71*r + 50840 = 133*r. Calculate the greatest common divisor of r and 60.
20
Let n = 27729 - 27690. What is the greatest common factor of 111 and n?
3
Suppose -914 - 2448 + 744 = -14*c. What is the greatest common factor of c and 1411?
17
Suppose v + 130 = 6*v. Let m(j) = -190*j - 177. Let o be m(-1). What is the highest common f